1. What is the tens digit of n?
1
Suppose 3*i - 4 - 2 = 0. Suppose -i*o = -0*o + 10. What is the units digit of -3*(o + -1)/3?
6
Let p be (2/6)/(6/36). Let z(l) = 3*l**3 - 3*l**2 + l - 2. What is the units digit of z(p)?
2
Suppose 0 = 3*d - 0*d - 9. What is the units digit of (d + 1)*6/1?
4
Let n be ((-4)/6)/((-1)/(-39)). Let a be n/(-10) + (-4)/(-10). Suppose -l + a + 3 = 0. What is the units digit of l?
6
Suppose 4*d - 5 = 15. Let b be d + -4 + 2/1. Suppose -b*k + 5*z = 7, -k + 11 = 4*k + 3*z. What is the units digit of k?
1
Let q be (2/(-5))/(5/(-125)). Let f(t) = 4*t - 15. What is the units digit of f(q)?
5
Let o(q) = -q**2 - 4*q - 3. Let l be o(-3). Suppose -5*h + l*a - 4*a = -86, a - 74 = -5*h. What is the units digit of h?
4
Let s(z) be the first derivative of z**4/4 + 7*z**3/3 + 7*z**2/2 + 6*z + 3. Let a be s(-6). Let u = a - -6. What is the units digit of u?
6
Let k(w) = 2*w**2 + 3*w. Let c be k(-3). Suppose -1 = -5*m + c. Suppose -j = m*j - 18. What is the units digit of j?
6
What is the hundreds digit of 140*(4/(-12)*3 + 3)?
2
What is the units digit of 2/12 + (-267)/(-18)?
5
Let v(x) = x**2 + 9*x + 17. What is the units digit of v(-8)?
9
Suppose -3*u = -7*u + 128. Suppose 2*h - 1 - 28 = -k, 4*k - u = -2*h. What is the tens digit of h?
1
Let c(i) = -11*i**2 + 3*i. Let o be c(3). Let t = -47 - o. What is the tens digit of t?
4
Let o = -463 - -797. What is the hundreds digit of o?
3
Let g(i) = i**3 - 18*i**2 + 17*i + 23. What is the units digit of g(17)?
3
Suppose 4*w + h = 346, -2*w - 4*h = -3*h - 172. What is the tens digit of w?
8
Let u = 8 + -5. Suppose -26 = -u*j + 37. Suppose -w - j = -4*w. What is the units digit of w?
7
Let c(y) = -2*y + 22. What is the units digit of c(7)?
8
What is the tens digit of (-104)/(-10) + (-18)/(-30)?
1
Let k(b) be the first derivative of b**5/120 - b**4/6 + b**3/3 + 2. Let z(m) be the third derivative of k(m). What is the units digit of z(6)?
2
Let x(v) = v - 3. Let m be x(6). Suppose f - 5*q = 3, -3*q + 21 = m*f - 6. What is the units digit of f?
8
Suppose -2*d - 1 = -7. Suppose y - h - 4*h = 12, 2*y - d*h = 17. What is the units digit of y?
7
Suppose 2*f - 4*u + 2*u = 14, -5*f + u = -23. Suppose -f*y - o + 47 = -2*o, 5*o = -5*y + 65. Let m = y - 7. What is the units digit of m?
5
Let v(s) = s**3 + 9*s**2 + 4*s - 11. What is the units digit of v(-6)?
3
Suppose -6 = -v - 2*x, 0 = -0*v - v - 4*x + 10. Suppose 0*d - 4*m + 14 = -d, -v*d - 12 = -4*m. What is the units digit of 4/d*4/8?
1
Suppose 0 = -3*w - 3*o - 0 - 3, 3*w + 4 = -2*o. Let l = -3 + 4. What is the units digit of l*(1 + -2 - w)?
1
Let j(m) = -4*m**2 - 2*m - 1. Let a be j(-1). Let f(s) = s**3 + s**2 - 5*s - 2. Let p be f(a). What is the units digit of 12/(-30) - 12/p?
2
What is the units digit of (-714)/(-12) - (-2)/4?
0
Let w(z) = 0*z + 3*z + 6*z - 27 + 14*z**3 - 24*z**2 - 5. Let h(p) = -5*p**3 + 8*p**2 - 3*p + 11. Let s(t) = 11*h(t) + 4*w(t). What is the tens digit of s(8)?
1
Let g(y) = y - 5. Let z = 9 + -4. Let a be g(z). Suppose -4*j - 3 + 15 = a. What is the units digit of j?
3
Let h = -119 + 191. What is the units digit of h?
2
Suppose -2*d - 84 = -6*d. Let i = -14 + d. Let m = i + -4. What is the units digit of m?
3
Let c = -6 - -8. Suppose 4*a - 20 = c*a. What is the units digit of a?
0
Let a = 11 - -9. What is the units digit of a?
0
Let c(x) = 2*x + 0 + 2*x - 1. Suppose -4*u + 3*g = -13, 5*u + 4*g + 9 = 2*u. What is the units digit of c(u)?
3
Let g = -76 + 126. What is the units digit of g?
0
Let p(c) = c**2 + 2. Let b be p(0). Let a = 22 - 5. Let n = b + a. What is the units digit of n?
9
Suppose o = 7 + 13. Suppose 0 = -0*z + z - o. Suppose 4*n + 3*v - 8 - z = 0, -32 = -3*n - 5*v. What is the units digit of n?
4
Suppose 0*o - o - 291 = -4*k, 0 = 4*k - 5*o - 287. What is the units digit of k?
3
Let h(l) = -l**3 + 3*l**2 + 4*l - 4. Let n be h(4). Let q be (-8)/5 + n/10. What is the tens digit of 6*q/4 - -14?
1
Suppose 76 = 4*n - 4*r, n - 3*n + 59 = 5*r. What is the units digit of n?
2
Let t = -14 - 1. Let b = -8 - t. What is the units digit of b?
7
Let z(g) be the second derivative of -3*g**5/5 - g**4/12 - g**3/3 - g**2/2 - g. What is the tens digit of z(-1)?
1
Let w(f) be the second derivative of -3*f**5/20 - f**4/12 - f**3/2 - f**2 + 6*f. What is the units digit of w(-2)?
4
Let g(o) = 7*o + 20. What is the units digit of g(25)?
5
Suppose 0 = x - 32 - 3. What is the units digit of x?
5
What is the hundreds digit of 1*((-4)/(-10) - 8848/(-80))?
1
What is the units digit of 89/3 + 20/15?
1
Suppose w - 32 = -9. What is the tens digit of w?
2
Let p(s) = -s**2 - 6*s - 5. Let q(r) = -r**3 - 4*r**2 + r - 1. Let z be q(-4). Let t be p(z). Suppose 4*n - 4 + t = 0. What is the units digit of n?
1
Suppose -6 = 5*u - 2*u. Let t = u + 5. What is the units digit of t?
3
Let f(g) = 2*g**2 + 11*g + 19. What is the units digit of f(-7)?
0
Suppose -4*o = -4*c + 112, -2*o = -0*o + 4. What is the tens digit of c?
2
Suppose -6 = -3*t - 0*t. Suppose 2 = t*x - 54. What is the tens digit of x?
2
Suppose -42 = -4*c - w + 109, 0 = -4*c + 5*w + 181. Suppose -3*r = 6 - c. What is the units digit of r?
1
Let t = 136 - 82. What is the tens digit of t?
5
Let q(b) = -5*b - b + b - 2. Let h = 6 - 8. What is the units digit of q(h)?
8
Suppose 4*f + 244 = -2*n, -4*n + n + 5*f - 311 = 0. What is the units digit of ((-9)/(-12))/((-4)/n)?
1
Suppose -6 = -r - 2, -4*w = 4*r - 32. Suppose w*o - 8*o = -40. What is the units digit of o?
0
Let h be (-1)/(-4) + (-2655)/(-36). Suppose v = 3*v - h. What is the units digit of v?
7
Let g be (-3)/(-2) - 135/30. What is the units digit of (14/4 + g)*14?
7
Suppose -l + i = -2*i - 4, -6 = 3*l - 3*i. Let m = 10 + l. What is the units digit of m?
5
Suppose -5*k - 2*i + 61 = -4, -k + 21 = 2*i. What is the units digit of k?
1
Let j(x) = -x + 2. Let f be j(-2). Let w be (2/f)/(1/22). Suppose w = 4*i - 13. What is the units digit of i?
6
Let m be 12/(-18) + 11/3. Suppose 0 = -m*j + 805 + 284. What is the tens digit of 6/(-21) + j/21?
1
Let f = -16 + 10. Let d be f/10 + (-54)/(-15). Suppose -d*c + 2 + 28 = 0. What is the units digit of c?
0
Suppose d = -3*r - 34, 45 = -4*d - 3*r - 109. Let k = -29 - d. What is the tens digit of k?
1
Let y(h) = -7*h + 29. What is the tens digit of y(-10)?
9
Suppose 0*k - 5*k = 10. Let b(j) = 3*j**2 - j - 3*j**2 + 3*j**2 + 2. What is the tens digit of b(k)?
1
Suppose -y - 3*y = 24. What is the units digit of ((-2)/3)/(4/y)?
1
Let f = 111 - 48. What is the tens digit of f?
6
Let n(c) = -c**2 + 11*c - 3. Let x be n(9). Suppose -3*l + 6 = -x. What is the units digit of l?
7
Let p(m) = -m**3 + 17*m**2 + 12*m + 6. What is the tens digit of p(17)?
1
Suppose -5 - 10 = a + 4*n, 25 = 2*a - 3*n. Let v = 11 - a. What is the units digit of v?
6
What is the tens digit of ((-1708)/(-70))/((-4)/(-10))?
6
Suppose 0 = -4*j - 4*n + 132, -49 - 125 = -5*j - 2*n. Suppose -9 = -5*t + j. What is the units digit of t?
9
Let y = -3 + 5. Let d = 6 + y. What is the units digit of d?
8
Let z be (-1*1)/(7/(-21)). Let c = z + 2. What is the units digit of c?
5
Let j = -7 + 12. Suppose y = j*y - 80. What is the units digit of y?
0
Let i(p) = -p**3 - 11*p**2 - 11*p + 6. Let s be i(-10). Suppose -d - 9 = -4. Let q = s + d. What is the tens digit of q?
1
Let l(k) = 3*k. Let q be l(1). Suppose q + 5 = 4*p. What is the units digit of p?
2
Let h be (-2)/4*(0 - 4). Suppose -3*q + h*q + 5 = 0. Suppose p = 2*k + 6*p + 9, q*k - 18 = p. What is the units digit of k?
3
Suppose 2*q = -g + 10, 7*g - 3*g - q - 22 = 0. What is the units digit of g?
6
Let u(a) = -a**2 - 9*a - 10. Let q be u(-7). What is the units digit of 2/q*34/1?
7
Let a(m) be the first derivative of m**2/2 + 8*m + 3. What is the units digit of a(0)?
8
Let m(o) be the third derivative of -o**6/120 + o**5/12 - o**4/8 + o**2. Let j be m(4). Suppose -2*i + j*s - 3 = -5, 13 = i + 2*s. What is the units digit of i?
7
Suppose -7*l - 12 = -3*l. What is the units digit of (-2 - l) + 0 - -9?
0
Let r(p) be the first derivative of -p**4/4 + 5*p**3/3 + 4*p**2 - p + 2. What is the units digit of r(6)?
1
Let s(j) = 14*j**3 + j**2 + j - 1. What is the units digit of s(1)?
5
What is the units digit of (-29)/(-4) - (-5)/(-20)?
7
Suppose -2*d + 4*q = 0, -q = -4*d + 4*q + 3. Let h(l) = l**3 + 2*l*